.
9
Suppose -5*y + y + 88 = 0. Suppose -24 = -d - 3*a, a + 1 = -d + 17. What is the remainder when y is divided by d?
10
Let d(g) = g**3 + 15*g**2 + 11*g - 20. Calculate the remainder when 174 is divided by d(-14).
20
Let h be -1*(1 + 1 - -2). Let c be 3/12 + (-39)/h. Suppose 2*r = 4*r - c. What is the remainder when 13 is divided by r?
3
Suppose -19 = -3*y - 5*j, -5*j - 12 = -2*y + 9. Let m = 145 - 132. Calculate the remainder when 4*(42/y + 1) is divided by m.
12
Let c = 0 - -14. Let q = 22 - 14. What is the remainder when c is divided by q?
6
Suppose -v + q + 76 = -0*q, q = 3. What is the remainder when v is divided by 16?
15
Let z = -36 + 40. What is the remainder when z is divided by 2?
0
Let d = 322 + -114. Calculate the remainder when d is divided by 35.
33
Let h(q) = -q + 6. Suppose -4*m - 10 = 10. What is the remainder when h(m) is divided by 6?
5
Suppose 0 = 2*l - 6. Suppose l*t = 4*t - 4. Calculate the remainder when ((-15)/(-10))/(-1)*(-20)/3 is divided by t.
2
Suppose -2*l - 3*l + 210 = 0. Suppose 0*a + n - 88 = -4*a, -110 = -5*a + 4*n. What is the remainder when l is divided by a?
20
Let q be 3 - 9/(-6)*-10. What is the remainder when 26 is divided by (3/q + 2)*4?
5
Suppose 0*l = -4*l - 2*k + 18, 0 = -3*l - 2*k + 16. Suppose l*v - 1 = 19. Suppose -g - 54 = -4*g. Calculate the remainder when g is divided by v.
8
What is the remainder when (2*(-1)/2)/(39/(-4836)) is divided by 21?
19
Let j = -16 + 30. Calculate the remainder when 67 is divided by j.
11
Suppose -2*k + 21 = 3*a, -4*k + k + 29 = 5*a. Suppose 0 = -5*q + k + 52. Calculate the remainder when 53 is divided by q.
11
Let d(o) = o**2 + 7*o - 2*o + 6 - 2*o + 4*o. Let z be d(-6). Let b = 6 - z. Calculate the remainder when 21 is divided by b.
3
Let b(t) = t**3 + 5*t**2 + t - 2. Let x = 26 + -2. What is the remainder when x is divided by b(-3)?
11
Suppose -4*d + 0 + 4 = 0. What is the remainder when (d/(-3))/((-5)/1290) is divided by 22?
20
Let t = 74 - 62. What is the remainder when 46 is divided by t?
10
Calculate the remainder when (-1 + 67)/(2/1) is divided by 7.
5
What is the remainder when 1 - (-4*17 - -1) is divided by 18?
14
Let u(h) = h**3 + 5*h**2 + h - 5. Calculate the remainder when 45 is divided by u(-3).
5
Let f = -1 + 2. Calculate the remainder when (-4)/(-14) - 15/(-21) is divided by f.
0
Let l = -93 + 63. Suppose 36 = -2*q + 4*o, -2*q - 3*o - 36 = q. Let c = q - l. What is the remainder when c is divided by 6?
4
What is the remainder when 7 is divided by (0 + 2)/(11/22)?
3
Calculate the remainder when 27 is divided by (-1)/2*(-4 - 10).
6
Suppose -5*n = -6*n + 6. Suppose -4*z + 35 = -5. What is the remainder when z is divided by n?
4
Let t(u) = -u**3 - 8*u**2 - 5*u + 10. Let f be t(-7). Let k = f + 27. What is the remainder when k is divided by ((-1)/(-1))/(1/8)?
7
Let h(c) = c**2 - 12*c + 6. Let d be h(12). Suppose -52 = -b - 5*x, 4*b = d*b + 4*x - 74. Suppose b - 7 = 2*u. Calculate the remainder when 18 is divided by u.
8
Let w(x) = -9*x - 6. What is the remainder when w(-5) is divided by 20?
19
Suppose 3*y + 3*p = 144, p + 4 = 5. Suppose 3*m + 2*d - 36 = -3*d, 2*m = d + 24. Calculate the remainder when y is divided by m.
11
Suppose -4*u + 15*u - 2189 = 0. What is the remainder when u is divided by 40?
39
Suppose 3*p + 23 = -0*s - s, -3*s - 13 = 2*p. Let w = 10 + p. Suppose 37 = -w*l + 3*l. What is the remainder when l is divided by 13?
11
Calculate the remainder when 132 is divided by (9/(-1))/(2/(-6)).
24
Let s = -1 - -3. Suppose -s*v + 24 = v. What is the remainder when 30 is divided by v?
6
Suppose 5*p = 19 + 1. Suppose 32 + 56 = p*v. Calculate the remainder when 65 is divided by v.
21
Let g(w) be the second derivative of 17/2*w**3 + 0 + 2*w - 1/2*w**2. What is the remainder when g(1) is divided by 17?
16
Let u(z) = 5*z**3 - 5*z**2 + 5. Calculate the remainder when u(3) is divided by 11.
7
Let r = 24 - 20. Calculate the remainder when r is divided by 4.
0
Let f = -409 - -581. Calculate the remainder when f is divided by 44.
40
Suppose 0 = -7*a + 12*a. What is the remainder when 69 is divided by 15 - (-2 - (1 - a))?
15
Let z = -3 - -4. Calculate the remainder when 62 is divided by z/3 + 124/6.
20
Let w = -23 - -36. Calculate the remainder when 22 is divided by w.
9
Let d(p) = 9*p + 1. Calculate the remainder when 72 is divided by d(2).
15
Let l be (-1)/(-2) + 36/8. Suppose l*d - j - 11 = 4*d, 4*j + 4 = 0. Let q = -2 + 8. Calculate the remainder when d is divided by q.
4
Let o(b) = b**3 + 13. Let y be 1/3 + (-1)/3. What is the remainder when 37 is divided by o(y)?
11
Let w(t) be the first derivative of -t**2/2 + 12*t - 4. Calculate the remainder when 8 is divided by w(9).
2
Let w = 10 + 8. Let y(s) = -2*s**3 - 4*s**2 + 2*s - 4. Suppose -5*v + 13 = 3*g, -3*v + 4*v = -2*g - 3. Calculate the remainder when y(g) is divided by w.
16
Suppose -i = -m - 1, -4*i + m + 13 = i. Let j = 15 - 10. Let r = j - i. What is the remainder when 2 is divided by r?
0
Let x be ((-3)/6)/1*0. Suppose 2*q - 30 = 2*d, 2*q + d - 18 = -x*d. Calculate the remainder when q is divided by 6.
5
Suppose 2*u = 4, -y - y + 4*u = -36. Let s be 1/(-3) - 723/(-9). Let q = s + -15. Calculate the remainder when q is divided by y.
21
Let n = 84 + -38. Calculate the remainder when 42 is divided by (-1)/2 - n/(-4).
9
Calculate the remainder when 6 is divided by (-18)/(-45) + 16/10.
0
Let p = 27 + -19. Suppose -t - 3 = -p. Suppose 15 = f - 2. Calculate the remainder when f is divided by t.
2
Let h(f) = -2*f + 2. What is the remainder when 9 is divided by h(-2)?
3
Suppose -d + 2*m = -m + 1, 2*d = 4*m. Let q(p) = 4*p**2 + 2*p. What is the remainder when q(d) is divided by 7?
6
Suppose 3*p - 10 = 17. Suppose 0 = -4*c + 2*s - p - 29, 11 = 2*c + 5*s. Calculate the remainder when 31 is divided by (-16)/3*21/c.
15
Let j(i) = 2*i**3 - 3*i**2 - 3*i + 2. What is the remainder when 97 is divided by j(3)?
17
Let y(r) = r**2 - 7*r - 1. Let c be (-2)/5 - (-198)/(-5). Let w = c - -62. What is the remainder when y(-4) is divided by w?
21
Suppose 4*l + 0*l + 88 = 0. Let a = l - -46. What is the remainder when 47 is divided by a?
23
Let j(u) = 2*u**2 + 2*u + 5. What is the remainder when 79 is divided by j(2)?
11
Let m be 10 - (-5)/((-5)/(-3)). Suppose 0 = -2*k - 5*i - 2 + m, -3*k + i + 25 = 0. Let l = -4 + k. What is the remainder when l is divided by 3?
1
Suppose 8*y = 13*y - 85. Suppose t - 3*t + 64 = -5*j, -3*j + 80 = 2*t. Suppose 3*i - t - 59 = 0. Calculate the remainder when i is divided by y.
15
Let t be -7*1*12/(-14). Let x be (-8)/(-3)*t/(-4). Let w(d) = -2*d + 5. What is the remainder when 38 is divided by w(x)?
12
Suppose -3*i = -5*w - 23, 2*w + 7 = i + w. Calculate the remainder when 20 is divided by i.
2
Suppose 4*u + 5 - 39 = -2*l, -3*u + l + 33 = 0. What is the remainder when (-4)/3*(-10 + -11) is divided by u?
8
Let g = -8 - -208. Suppose 4*k - g = -2*r, -5*r + 106 + 94 = 4*k. Calculate the remainder when k is divided by 13.
11
Suppose 0 = 2*i - 7*i - 40. Let a(m) = m**2 - 4*m - 18. Calculate the remainder when 2/i*-2*52 is divided by a(8).
12
Suppose -5*q = 5*v - 80, v + 27 = 2*q - 2*v. Suppose 0 = -5*a + q. What is the remainder when 5 is divided by a?
2
Let d = 130 - 35. Suppose -3*b = 5*g - 215, 2*g = -b - 2*b + d. What is the remainder when g is divided by 14?
12
Suppose -5*t - 3*r + 67 = 0, 0 = 2*t + 5*r - 49 + 7. Let u(m) = -2*m + 5. What is the remainder when 2/t + 3060/110 is divided by u(-5)?
13
Let d = -54 - -132. Suppose 5*l = -3*n + 159, -5*l + 5*n + 97 = -d. What is the remainder when l is divided by (1/(-2))/(2/(-68))?
16
Let l = -33 + 110. Calculate the remainder when l is divided by 26.
25
Suppose -3*w + 48 = -117. Let n = 12 + 2. What is the remainder when w is divided by n?
13
Let c = -12 + -3. Let f = c - -11. What is the remainder when 2/f + (-58)/(-4) is divided by 8?
6
Let v be -2 - (-2)/(1 - 0). Suppose -t + 4 - 2 = v. What is the remainder when 3 is divided by t?
1
Suppose 155 + 50 = 5*a. Calculate the remainder when a is divided by 14.
13
Let g(z) = z**2 + 4*z. Let q be g(-4). Suppose q = 3*t - 4 - 2. Let d(r) = -r**3 - 4*r**2 - 2*r - 1. Calculate the remainder when d(-4) is divided by t.
1
Suppose 6 = -c + 4*c. Suppose 0 = c*p - 7*p + 75. Calculate the remainder when 42 is 